 (-39 + -11 + 19 + -19)?
59
Calculate -8 + 2 + (-102 - -62) + 69.
23
Calculate (53 - 1 - -1) + (-25 - -23 - -13) + 12.
76
Evaluate -3 - (14 + (4 + -2 - (7 + -3))).
-15
What is (0 - 33) + -149 + 108 + 144?
70
What is the value of 0 - 0 - (47 - 51) - (14 + (-2 - 110))?
102
(2 - 216 - -26) + 26 - -34
-128
Evaluate 14 + (-21 + 38 + -6 + -1 - 63).
-39
What is 229 - -89 - 285 - (1 - 11 - (2 - 3))?
42
(-35 - -1) + (-44 - -14 - -28) - 8
-44
(-15 - ((6 - 14) + 1)) + (23 - 0)
15
What is 19 + 91 + -82 - -42?
70
Calculate 31 + -11 + -37 + 56 + 97.
136
Evaluate (0 - -1) + 24 + 0 - (-3 - -15 - 10).
23
Calculate -14 + 4 + -32 - (-3 + -16).
-23
What is the value of -2 + 1 + (3 + 1 - (-31 - -25)) - -22?
31
Evaluate -89 + 117 + (-5 - 30) - -25.
18
What is 10 + -10 - (6 - 9) - (-5 - 6 - 0)?
14
What is the value of ((-7 - -15) + -23 - -10) + -23 + 12?
-16
What is -45 - (-64 - (37 - 70))?
-14
Calculate 12 + 8 + -17 + -5 + (3 - 3).
-2
What is the value of (7 + 62 - 64) + -50?
-45
What is the value of 7 + (-119 - (54 - 268))?
102
10 - (40 - (52 - 16))
6
Evaluate -1 + -5 + (22 + (-27 + -18 - -2) - -16).
-11
Calculate (-5 - 0 - 6) + (94 - (2 + 4)).
77
What is (3 - -49) + 2 + -11 + 78 + -70?
51
Calculate -157 + (165 - (69 + -1)).
-60
Evaluate (-33 - -94) + -68 + ((0 - -2) + -5 - 52).
-62
Calculate -49 + 52 + -9 - 16.
-22
Evaluate -9 - ((1 - -3) + -29) - 21 - -21.
16
What is -1 - (-286 + 289 + (-2 - -37))?
-39
Calculate 20 + -56 + 25 - (-1 - 22) - 42.
-30
What is -31 - ((8 + -30 - -8) + (-2 - -5))?
-20
Evaluate 2 - ((-28 - 9) + 52).
-13
What is -39 + 3 - (-39 - (-26 - 28))?
-51
Calculate 38 + 6 + (792 - 770).
66
Evaluate 37 + -97 + -19 - -54.
-25
0 - (1 + 56 + -2) - (-4 + 1 - -1)
-53
Calculate 33 - ((-2 - -5) + (-313 - -280)).
63
Calculate -6 + (1 - -6) + (-15 + 4 - (-33 + 4)).
19
Evaluate (32 - (-16 - (-31 + 3))) + 28.
48
What is the value of -105 - (-23 + 17 + -89)?
-10
1 + 21 + -15 + -4 + 21
24
Calculate 24 + -46 + -35 - -44.
-13
What is the value of 8 - ((17 - 11) + 6 + 2 - 20) - 119?
-105
What is the value of -493 + 488 - (49 + 0 - -2)?
-56
What is -36 + -1 + (-5488 - -5486)?
-39
Calculate (-4 - 115) + (9 - ((38 - 17) + -8)) + -4.
-127
What is the value of (-12 - (39 - 42)) + (17 - 2) - -18?
24
Calculate (-33 - -19) + (58 - 42) - 46.
-44
Evaluate 12 + 20 + -81 + 77.
28
What is (-134 - (49 + -35)) + (18 - -9)?
-121
-6 - 19 - -22 - 10 - -8
-5
5 + (63 - 18) - (-10 - (7 + -3))
64
Calculate 67 - (255 - 95) - -61.
-32
Calculate 152 - (-66 + -84 + 279).
23
What is the value of (-122 - 3) + (-1 - -7 - (111 - 99) - -17)?
-114
What is the value of (20 - 57) + 19 + 1 + 5?
-12
What is the value of 101 + -26 + -30 + -33?
12
Calculate -2 + 72 - (-90 - -195).
-35
What is (2 + -3 - (1 + -1)) + (-6 - 39 - -21)?
-25
What is the value of (-1156 - -1135) + (1 - -47)?
27
Calculate 27 - ((11 - 14) + 19) - -36 - (0 - 7).
54
-38 + 65 + 43 + -53
17
Evaluate (0 - -33) + -30 + 2 + -10 + 0 - 46.
-51
Evaluate 155 + (-36 - (-131 + 116)).
134
Evaluate -3 + -34 - (5025 - 5080).
18
-11 + 44 + (174 - 170 - (0 + 8))
29
What is the value of (-175 - -79 - -99) + -58 + 0?
-55
17 + -11 + (-2 - (-14 + -6 + 19))
5
What is (-27 - (-90 + 55)) + -45?
-37
4 + -54 + 48 + 5 + -2
1
What is the value of -4 - (3 + (-17 - 8 - -11)) - 8?
-1
Evaluate (14 - -13) + -42 + 37.
22
What is the value of -3138 - -3147 - (2 - -109)?
-102
Calculate (2 - 6) + (-31 - -86) + -35.
16
Evaluate 0 + -5 + 7 + -17 + -1 + 7 + 13.
4
Evaluate (60 - 59) + -19 + 65.
47
(26 - 5 - 3) + (-38 - (12 - -3))
-35
What is the value of -147 + 90 - (1 + 7)?
-65
Evaluate 1 + 0 + (-18 - -51 - (106 + -78)).
6
What is -1 + 32 + 4 - (-983 + 1075)?
-57
What is the value of -47 - ((-4 - 21) + 23 - -7)?
-52
Evaluate (-56 - -55) + (1 - (-13 + 2 + 7)).
4
-119 + (-49 - -84) + 1 + (0 - 1 - -12)
-72
Evaluate (7 + 2 - ((-9 + 30 - 15) + 4)) + -118.
-119
What is the value of (24 - 2) + -3 + -7 + 23?
35
What is the value of 11 + (-1 - 7 - (12 - -8 - -13)) + 4?
-26
What is 76 + (-1 - -1 - ((32 - 3) + 48 + -68))?
67
48 + -24 + 19 - 55
-12
Evaluate -18 + 27 + -13 - -3 - (-7 - 0).
6
Calculate (11 - (-28 + 20)) + -11 + -45.
-37
What is the value of -5 + (-3 + 67 - (13 - (6 + -12 - -13)))?
53
Calculate 3 - (17 - 39) - (70 - 2).
-43
-40 - 9 - (-49 + -64 - -10)
54
Calculate (15 + (12 - -25) + -5 - 8) + (-9 - -8).
38
What is the value of 0 + (17 - -16) + (25 - 46)?
12
Calculate (-62 - -152) + (-111 - -94).
73
What is the value of (97 - 12) + 7 + (9 - (10 - -17))?
74
(-17 - 3) + 129 + -70 + 12
51
What is (9 + -9 - -8 - (-9 + 9 + -61)) + -7?
62
104 + -87 + -21 + 2 - -43
41
What is the value of 223 + 136 + -38 + -230?
91
What is the value of (8 - 40) + 33 + -67 + 13?
-53
Evaluate (-1 - -57) + -143 + 110 + 13.
36
Evaluate 2 - (3 - 2) - (26 + -32 + 31).
-24
Calculate 4 + -6 + 29 + 3 + 12 + -12.
30
What is the value of 5 - (-77 + -12 + (-27 - -11) + 11)?
99
Evaluate (286 - 182) + 0 + -84.
20
What is the value of (1 - 3) + 4 - (1343 - 1337) - (0 - -91)?
-95
-96 + 107 + -150 + 231
92
What is 7 + 36 + -7 + (4 - (3 + -7 - -14))?
30
What is the value of -8 - (-1 - -4 - (1 + 83 - -12))?
85
Evaluate (3 - -2) + (-16 + 11 - -32).
32
What is -12 + 87 - (151 + -104)?
28
Calculate -6 - (-4 + 18) - (-17 + 0).
-3
Evaluate -1 + 6 + (-16 - -8) + -4 + 9 + -42.
-40
What is 24 + (-62 - (11 - 53))?
4
51 - 36 - (-34 + 3 + 2 + 6)
38
Calculate (-24 - -50) + -110 + 6 - -21.
-57
(9 - -39) + (-82 - -5)
-29
What is -9 + 1 + -25 + (-46 - -36 - -37)?
-6
Calculate (-8 - 10 - (4 - 20)) + 21 - -4.
23
What is the value of (-3 - (50 + 33)) + 47?
-39
What is (-177 - 8) + 193 + 22 + -2?
28
Calculate 506 + -446 - (17 - (2 + -4)).
41
What is -28 + (-3 - 127) + 72 + -33?
-119
What is 63 + 0 - (-48 - -13 - -70)?
28
-24 + -17 + 8 - (-76 + -15)
58
What is the value of (-1 + -17 - (89 - 128)) + -51?
-30
(-1 - -6) + -37 + 30 + -56 + 8 - -3
-47
What is the value of 3807 + -3767 + (2 - 2)?
40
What is the value of 1 + 17 - (3156 + -3057)?
-81
-47 + 8 + -7 + (2 - -1) + -8
-51
Evaluate -736 + 695 - (3 - 1) - -175.
132
What is the value of -305 + 304 + 1 + -6 + -2 - (6 - -46)?
-60
Calculate 5 + (2 - -9) - (30 - 1) - -68.
55
What is 3 + (-2 - (12 - (19 - 2))) - 12 - -24?
18
Calculate -17 - (-3 + -5 + -19) - -2.
12
Evaluate -9 + -3 - (0 + -38 + 78) - (4 - -1).
-57
Evaluate -113 - -198 - (-3 - -2).
86
What is 708 + -727 + -3 + (1 - -14)?
-7
-20 + -10 + 15 + -21 + -5
-41
What is 30 + -9 + -4 + -2 + -3?
12
What is 12831 + -12831 + (2 - (-1 - -104))?
-101
Calculate 18 - (3 + 15 + -76 + 86).
-10
(128 + -67 - 149) + 82
-6
-8 - ((-1 + 1 - -6) + (110 - 107))
-17
Evaluate 19 - (-37 + 26 + (2 - -8) - 6) - 3.
23
What is 41 - (-43 + 78 + -31)?
37
Evaluate -104 - (-226 + 135) - (0 - 13 - -1).
-1
Calculate (-2 - (7 + -1)) + (-93 - (-89 + 29)).
-41
Calculate 20 + -22 + -20 + -3 - (0 - 1).
-24
What is (16 - -1) + (-2 - -1) + (53 - 30)?
39
Calculate (0 - -3) + (-65 + (147 - 80) - -4).
9
-58 - -111 - 60 - ((0 - -2) + -5)
-4
Evaluate 2 - 0 - (-2 + 28 + -22) - -5.
3
What is the value of -95 - (34 + -79 - -34)?
-84
-59 + 77 + 42 + -73
-13
What is 18 - ((-12 - -35) + -17 - 1 - -29)?
-16
What is -5 - -9 - 55 - (-18 - -59 - 48)?
-44
Calculate 46 + 21 + 44 + -54.
57
What is the value of (0 - -2) + (2689 - 2696 - (-11 + -1))?
7
Evaluate -7 + -3 + 5 - (189 + 127 + -223).
-98
Calculate 10 - (-20 + 6 + 16) - (64 - -14).
-70
32 + (-1 + -11 - 2) + (2098 - 2073)
43
What is the value of 6066 + -6089 - (-1 - 39)?
17
Evaluate -16 - (45 + -40 + -38).
17
Calculate 30 + 18 + -35 - -25.
38
What is the value of -36 + (-58 - -50) + 96?
52
What is (-30 - 2) + 6 + -6 + 11 + -2?
-23
Calculate 2 - 1 - 7 - (-162 - (-31 - 171)).
-46
-3 + (3 - 6) + (-35 - (9 - (6 + -12)))
-56
Evaluate -38 + (59 - (19 - -31)).
-29
-783 - -740 - (0 + 1)
-44
-59 + 49 + (-11 - -7) + 10 + -68
-72
Calculate 13 + 7 + -6 + -22 + 60.
52
Evaluate 40 - 1 - (-446 + 464).
21
What is 5 + -40 + (-1 - 5) - (-18 + 32)?
-55
Evaluate (6 - (5 + -1 - 1)) + (-14 - -52).
41
-78 + -37 + 73 + 44
2
-18 + -19 + -51 + 59
-29
-3 + 2 + (1977 - 2021)
-45
Evaluate -15 - (11 + (-20 + -3 - 1) + -17).
15
(7 - -17 - 2) + 14 + 77
113
Calculate -8 - 7 - (-50 - -5).
30
Calculate (-115 - (63 - 214)) + (-1 - -1) + 6.
42
Evaluate 154 - (32 - (52 + -34)) - (11 - 2).
131
What is 2 + (12 - (7 - 7) - -15) - (0 - -10)?
19
What is -105 - (